{"id":37,"date":"2023-07-14T23:23:35","date_gmt":"2023-07-14T23:23:35","guid":{"rendered":"http:\/\/psychoterapia-online.info.pl\/?page_id=37"},"modified":"2025-12-15T20:09:28","modified_gmt":"2025-12-15T20:09:28","slug":"oferta","status":"publish","type":"page","link":"https:\/\/psychoterapia-online.info.pl\/index.php\/oferta\/","title":{"rendered":"Oferta"},"content":{"rendered":"\n<p><strong>Sesje indywidualne<\/strong> &#8211; <strong>200 z\u0142<\/strong>\/50 min.<\/p>\n\n\n\n<p><strong>Sesje dla par<\/strong> &#8211; <strong>300 z\u0142<\/strong>\/50 min.<\/p>\n\n\n\n<p><strong>Od \u015bnienia do czynienia<\/strong>, czyli praca nad snem &#8211; jest to pojedyncza sesja indywidualna, na kt\u00f3rej pracujemy nad JEDNYM problemem szukaj\u0105c rozwi\u0105zania w przekazie pod\u015bwiadomo\u015bci zawartym w wybranym \u015bnie Klienta. Jest to warta rozwa\u017cenia opcja dla os\u00f3b, kt\u00f3re z r\u00f3\u017cnych przyczyn nie chc\u0105 lub nie mog\u0105 aktualnie podda\u0107 si\u0119 regularnej psychoterapii &#8211; <strong>350 z\u0142<\/strong>\/ 90 min.<\/p>\n","protected":false},"excerpt":{"rendered":"<p>Sesje indywidualne &#8211; 200 z\u0142\/50 min. Sesje dla par &#8211; 300 z\u0142\/50 min. Od \u015bnienia do czynienia, czyli praca nad snem &#8211; jest to pojedyncza sesja indywidualna, na&#8230;<\/p>\n","protected":false},"author":1,"featured_media":0,"parent":0,"menu_order":3,"comment_status":"closed","ping_status":"closed","template":"","meta":{"footnotes":""},"class_list":["post-37","page","type-page","status-publish","hentry"],"_links":{"self":[{"href":"https:\/\/psychoterapia-online.info.pl\/index.php\/wp-json\/wp\/v2\/pages\/37","targetHints":{"allow":["GET"]}}],"collection":[{"href":"https:\/\/psychoterapia-online.info.pl\/index.php\/wp-json\/wp\/v2\/pages"}],"about":[{"href":"https:\/\/psychoterapia-online.info.pl\/index.php\/wp-json\/wp\/v2\/types\/page"}],"author":[{"embeddable":true,"href":"https:\/\/psychoterapia-online.info.pl\/index.php\/wp-json\/wp\/v2\/users\/1"}],"replies":[{"embeddable":true,"href":"https:\/\/psychoterapia-online.info.pl\/index.php\/wp-json\/wp\/v2\/comments?post=37"}],"version-history":[{"count":14,"href":"https:\/\/psychoterapia-online.info.pl\/index.php\/wp-json\/wp\/v2\/pages\/37\/revisions"}],"predecessor-version":[{"id":91,"href":"https:\/\/psychoterapia-online.info.pl\/index.php\/wp-json\/wp\/v2\/pages\/37\/revisions\/91"}],"wp:attachment":[{"href":"https:\/\/psychoterapia-online.info.pl\/index.php\/wp-json\/wp\/v2\/media?parent=37"}],"curies":[{"name":"wp","href":"https:\/\/api.w.org\/{rel}","templated":true}]}}